5 + -4 + 23) - -10?
-29
What is 4 + -1 - 6 - (19 + 3 - 8)?
-17
What is 7 - (9 + -1) - -8 - 26?
-19
What is (-412 - -434 - (-1 + 14)) + 3 + -33?
-21
-2 + (16 - 13) - -10
11
Evaluate 28 + (6 - (-4 - -13) - 9).
16
What is the value of 22 - (44 - (-9 + 32))?
1
What is -18 + 26 - (-14 - -7 - 2)?
17
What is the value of 0 + 0 + 2 + 2 - (-47 - -34)?
17
What is 8 + (2 - (4 - -3)) + 2 + 1?
6
Calculate 19 + (-2 - -11 - 24) + 24.
28
1 + -17 + 18 - (1 + 1)
0
What is the value of 7 + 24 + -24 + (-2 - 1)?
4
(-11 + 12 - -1) + -9 + 9
2
What is the value of 2 + -23 - (-247 + 208)?
18
-9 - -7 - ((60 - 64) + (0 - -6))
-4
-7 + -2 + (-4 - -16) + 7
10
What is the value of 15 + (23 - (-5 + 56))?
-13
What is -14 + -3 + -3 + 12 + 8?
0
Calculate 13 - (-6 - 3 - (22 - 10)).
34
Evaluate 6 + (-23 - -13) + -4.
-8
-10 + (16 - 4) - (3 + -2 + 4)
-3
What is -3 - (9 - 15 - -5)?
-2
What is the value of 1 - (12 - 0) - (10 - 3 - 6)?
-12
Evaluate (34 - 21) + -38 + -1.
-26
What is the value of (-841 - -849) + (-3 - -3) + (-1 - -10)?
17
Evaluate 2 + 15 - (10 - 6) - 42.
-29
-25 + 13 - (5 + -24)
7
Evaluate (-5 - 10) + -15 + -4.
-34
-16 + -28 + 51 + 11 + 1 + -7
12
Evaluate 32 + -33 - (-11 + 3 + -5 + 0).
12
Calculate 35 + -14 + -10 + 18.
29
What is the value of 6 - ((6 - -18) + -15)?
-3
What is 130 - 54 - (-16 + 56)?
36
Evaluate 5 - (4 - -3 - 16 - (-4 - 0)).
10
Evaluate (5 - (11 - 4)) + 0 + -4.
-6
Evaluate 2 + -7 + 13 + -6 + (1 - 1).
2
Calculate 3 + (-13 - (2 - 26)).
14
What is the value of -73 + -21 + 48 + 21?
-25
-107 + 105 - (2 + -2)
-2
What is (0 - -2) + -5 - -5 - (-6 + 11)?
-3
What is the value of -13 - ((-10 - -18) + (-12 - -1))?
-10
Evaluate 2 + -16 + (1 - -12 - (-18 + 29)).
-12
(-10 + 11 - (2 - -2)) + 22 - 0
19
-7 - 0 - ((27 - 24) + 9)
-19
What is the value of 1 - (1 + (-10 + 29 - 13))?
-6
Calculate 34 + (-46 - -16) - (4 + (-2 - -4)).
-2
14 + -16 + 27 + -16
9
Evaluate 10 - 2 - (-15 - -26) - -8.
5
Calculate -14 + 19 + -20 + 19.
4
Calculate 11 - (9 - -10) - (10 + -1 - 0).
-17
What is the value of -11 + (-10 - -17) - -13?
9
What is -2 - (2 + -24 + 13 - 4)?
11
What is -8 + (16 + 5 - 9)?
4
What is the value of -13 - 1 - (40 + (20 - 70))?
-4
Evaluate 5 - (-2 + 6 + 3 + -4 + -7).
9
Evaluate 0 - ((-8 - 5) + 33 - 5).
-15
(-4 - -9 - -2 - -2) + (-7 - -23)
25
7 + (2 - (5 + -11 - -6))
9
What is (-2 + (5 - 6) - (21 + 1)) + 8?
-17
-29 + 23 + 0 + 3 + -1
-4
Evaluate 54 - (11 - ((-6 - 5) + 3)).
35
(2 - 4) + -2 + -6 + 24 + -2
12
What is (0 - (0 + 1) - -1) + (32 - 28)?
4
Calculate -90 + 78 - (4 + -14 + 2 - -2).
-6
Evaluate 3 + (-6 + -6 + 14 - 1) - 3.
1
What is the value of -30 - (0 - (-25 + 45))?
-10
What is -22 + (-16 - -21) + 5?
-12
What is the value of 162 + -156 - (14 + (1 - 2))?
-7
Calculate 34 + (-15 - (7 - 1)).
13
What is the value of -5 - (-6 + (-6 - (-35 + 7))) - -3?
-18
0 + (-45 - -1) + 58 + -42
-28
6 + (0 + 14 - 33)
-13
Calculate 7 + 18 + -76 + 61.
10
16 + (3 - (-18 - -37))
0
What is the value of -7 - (1 - ((24 - 12) + -14))?
-10
Evaluate -7 - (-19 - -1 - (-43 + 45)) - -5.
18
What is the value of 15 - (-5 + (-15 - -23))?
12
-3 - ((28 - 20) + (-15 - 0)) - 3
1
Calculate -4 - (-25 + 29 + (13 - (0 - -2))).
-19
What is (-116 - -131) + (-1 - 21)?
-7
7 + -6 - (5 + 7 - 42) - 11
20
Calculate -7 - (0 - (26 - 3) - 4).
20
Evaluate (-11 - (11 - (-1 + 9))) + 14.
0
What is (24 - (-37 - -74)) + 33?
20
(-10 + (5 - 3) - -10) + 0
2
Evaluate 1 - 7 - -5 - -16 - 4.
11
What is the value of 1 - 12 - (4 + (-9 - -4))?
-10
What is the value of -8 + (23 - 34) + -6?
-25
Calculate 51 - 69 - (5 + -26 - -8).
-5
What is the value of (-9 - 0) + 19 + -10 + -2 + -3?
-5
What is the value of (50 - 59) + (-13 - -6)?
-16
Evaluate -6 + -4 + (-4 - (-14 + -1)).
1
Calculate -6 - (4 + (5 + -2 + 1 - 6)).
-8
Calculate (4 - (-1 - -3)) + 6 + -9 + 3.
2
Calculate (-3 - -20) + (28 - (58 + -25)).
12
Calculate (10 + -3 - -15 - 14) + (-9 - 0).
-1
Calculate -27 - (3 + 16 + -67).
21
What is -3 + 13 + (18 - 29)?
-1
What is the value of (31 - 12) + -15 - -6?
10
What is the value of -1 + -2 + 4 - (1 - 14) - 2?
12
Calculate 2 - 1 - -8 - (829 + -839).
19
-1 + -7 + 11 + -9 - -15
9
Calculate 2 - 3 - (4 + 6 + -6 - 9).
4
-6 + -4 + (8 - 0) + -1
-3
Calculate 6 + (-2 - (5 - 9)) + (-12 - 11).
-15
What is -151 + 139 + -2 + -2?
-16
-9 + -7 + 14 + 8
6
Calculate (25 - (-5 + 10 - -6)) + 7.
21
Calculate (22 - 2) + -73 + 59 + (17 - 0).
23
Evaluate (-2 + 2 - -8) + (7 - (15 - 11)).
11
What is 13 + 0 + -8 - 2?
3
103 + -10 + -92 + (-1 - -1) + 26
27
Evaluate -12 + (7 - (11 - 4)).
-12
Calculate (-5 - -10 - -7) + 7.
19
What is 27 + 1 + (22 + 3 - 26) - 7?
20
-1 - -2 - 1 - ((-49 - -55) + -4)
-2
What is -29 - (-42 + 28) - (2 - 8)?
-9
Calculate -3 - (28 - 38 - (-1 + -19)) - 0.
-13
8 + 4 + -6 - (5 - 3)
4
Evaluate -14 + 6 + -12 + 2.
-18
What is the value of 15 + 11 + -4 + -1 + 9?
30
What is the value of -11 + (-5 - -6 - -12)?
2
Calculate 2 + -23 + 18 - -23.
20
Evaluate 23 + (-21 - -14) + 3.
19
What is the value of -31 + 71 + -42 + 10?
8
What is the value of 5 + -11 - (-34 + 29 + (-4 - -1))?
2
What is the value of 1 - (-13 + 7) - -8?
15
Evaluate 1 - 8 - (128 - 113).
-22
(-20 - (0 - 5)) + (-9 - (-12 - -4))
-16
(10 - 9) + 7 - (4 + 7)
-3
(-25 - -2) + 69 + -61 - -36
21
Calculate 29 + -9 - 4 - 30.
-14
Calculate 1 - (-87 - -93 - (17 - -1)).
13
What is the value of (0 - 2 - 0) + (-7 - -28) + -14?
5
Calculate -7 + 2 + 1 + 37 + -4 + -3.
26
What is the value of -12 - (-18 - (-15 + 13)) - -5?
9
-40 - -19 - (-3 - 15 - -5)
-8
Calculate (-10 - -4 - -27) + 26 + -19.
28
Calculate 47 - 56 - (-12 - (2 - 4)).
1
-4 - -5 - (-7 + 5) - 3 - -7
7
What is 1 - (-2 - ((6 - (8 + -9)) + -4))?
6
What is the value of (-33 - (28 - 66)) + 17?
22
(13 - 20) + (-4 - (-4 + -5 - -4))
-6
-4 + 8 - (15 + -6 - 3)
-2
(2 - -2) + -3 - (12 + -1)
-10
Evaluate (1 - (-7 + -3)) + 7 + -16.
2
What is -7 + -12 + 19 + -20?
-20
Calculate (20 - 17 - 17) + 14.
0
Evaluate 4 + 0 + 2 - ((26 - 4) + -32).
16
What is the value of 30 + -3 + 1 + -142 + 133?
19
-12 + 8 - 18 - (-10 + 11)
-23
Evaluate (27 - 26) + 14 + -3.
12
What is 20 - ((-5 - -7) + 7)?
11
-4 + (-6 + -1 - (-1 + -1 + 0))
-9
What is (20 - 20) + 3 + (1 + -3 - 0)?
1
What is the value of (-6 - (-20 - -7 - -8)) + 1 + 2?
2
-91 + 82 - (-6 - 3) - 10
-10
Evaluate (-1 - 8) + (-190 - -191) + (27 - -4).
23
Calculate (31 + -32 - (1 - 12)) + 4.
14
What is the value of -220 - -226 - (12 + -2)?
-4
What is 9 - (11 + -9 + 11) - (2 - 0)?
-6
-10 + -5 - -14 - (0 - (-2 + 3))
0
What is the value of 17 + -16 - (6 - 0) - -14?
9
What is (-1 + -2 + 9 - (-128 - -135)) + -18?
-19
What is (1 - 25) + (1132 - 1112)?
-4
Evaluate -2 + 4 + 6 + 8 + -31.
-15
(8 - (4 - 5)) + (-91 - -99)
17
5 - (20 + 4) - -10
-9
Evaluate (-81 - -48) + 30 - ((3 - 3) + 2).
-5
Evaluate -9 - (8 + -2 + 0 + -4).
-11
4 - 23 - (0 - 13 - (13 + -19))
-12
What is the value of 21 - 7 - (-3 - -7)?
10
(-27 - -24) + (19 + (3 - 0) - 4)
15
What is the value of -6 - ((16 - (-29 + 36)) + (2 - 0))?
-17
(-12 - -25) + -12 + -4 + -1
-4
What is the value of 0 + -2 + 1 - (12 + 7 + -22)?
2
What is the value of -38 + 16 - (-4 - (-4 + 4 + 1))?
-17
(-15 - (-8 + 0 - -4)) + (-10 - 0)
-21
Calculate (-24 - (25 + -36)) + (-8 - -1).
-20
What is 15 - (11 - 0 - 6)?
10
-12 - (9 + 1 - 4 - (11 - 6))
-13
What is the value of 13 + 0 + 6 + -32?
-13
What is the value of 42 + -122 + 40 + 2?
-38
12 + (-2 - (7 + (1 - 0) + -7))
9
44 + -19 - 21 - 32
-28
What is the value of -13 + 8 + -2 + 3 - (2 - -3)?
-9
Evaluate -21 - (-21 - -3) - -14.
11
Evaluate 312 - 293 - (-1 + 37).
-17
What is -3 - (5 + 18 - 26 - (0 + 2))?
2
Evaluate (9 - 2 - -4) + 14 - 5.
20
Calculate (-4 - -10) + 22 + (-3 - 10).
15
What is -1 - -9 - (0 - 38 - -35)?
11
What is (4 - -4 - 2) + (-33 - -23)?
-4
What is -4 + (4 + -14 - (11 - 9))?
-16
0 - (4 - -14 - (-2 + 1 - -8))
-11
Evaluate (30 - 12) + (-2 - (3 + -1)).
14
What is the value of 31 + -37 - (4 + -8 + -2)?
0
Calculate -10 + (-93 + 114 - (1 - -15)).
-5
(-6 - (-1 + -10)) + 5 + (-1 - 3)
6
What is (62 + -91 - -13) + 4 + (0 - 1)?
-13
(22 - (26 - (7 + 5))) + -1 + -3
4
(1 - 2) + 20 + (-5 - 8) + -1
5
What is (2 - 0) + (17 + -43 - -17) + -1?
-8
-3 + -3 - (-10 - (7 + (1 - 10)))
2
What is the value of -2 + 1 + 7 + -11?
-5
What is (-1 - -3) + (5 - (-19 + 14))?
12
What is -42 + (3 - 2) + (303 - 289)?
-27
What is ((6 - 13) + 15 - 24) + 5 + 1?
-10
What is the value of 136 + -9